 is the tens digit of d?
7
Suppose 0 = 2*x - 3*u - 48251, 2*x - 61*u + 64*u - 48209 = 0. What is the hundreds digit of x?
1
Let l be 0/((-15)/(-20)*4). Suppose 3 = v - l. What is the tens digit of 3/(2/(76/v))?
3
Suppose 10*j - 13*j + 3*v + 9 = 0, 0 = -2*j + 5*v + 6. Suppose -3*z - j*z + 2688 = 0. What is the tens digit of z?
4
Let a(k) = -3385*k + 323. What is the thousands digit of a(-12)?
0
Suppose -7*c + 100865 + 144184 = 0. What is the units digit of c?
7
Let o be (1/4)/((-1)/4). What is the units digit of (-1928)/6*o + 20/30?
2
Let b be (23 - 23)/((-1)/(-1) + 0). Suppose b = 4*m - m - 210. What is the tens digit of m?
7
Suppose -3*v + 4*n - 7*n = -13293, -5*n - 4413 = -v. What is the thousands digit of v?
4
Let w(n) = -30*n + 3 - 44*n - 19. What is the units digit of w(-3)?
6
Let f(j) = j**3 + j + 8. Let x be f(0). Suppose -x*q + 6*q + 10 = 0. Suppose 4*n + q*k = 54, n + 1 = -2*k + 16. What is the tens digit of n?
1
Let f be 0/(3*(-3)/9). Suppose f = -5*u + 9 + 11. Suppose 4*m - 243 = b, -b - 3*b = -u*m + 252. What is the tens digit of m?
6
Let d(b) = -11355*b + 1366. What is the ten thousands digit of d(-6)?
6
Let a(d) = -3*d - 44. Let p be a(-17). Suppose 4*u = p*u - 2610. What is the hundreds digit of u?
8
Let x = -3467 - -13721. What is the thousands digit of x?
0
Let x be (-2 - -5) + 397 - 0/4. Let d be x/18 + (-16)/72. Let z(u) = u**2 - 18*u - 11. What is the units digit of z(d)?
7
Let o be 1 + -6 + (229 - -12)*-41. What is the units digit of (-6)/27 - o/18?
9
Let g(k) = 95*k**3 - k**2 + 38*k - 192. What is the tens digit of g(5)?
4
Suppose -3*h + 26840 = 60*g - 58*g, 2*h - 17905 = g. What is the thousands digit of h?
8
Let j = 72047 + 23. What is the ten thousands digit of j?
7
Suppose 23*s - 24*s + 3 = 0. Let b be 231 + ((-4)/18 - (-8)/36). What is the tens digit of b*(-2)/s*-1?
5
Let n be 84/(-5 + 2)*(-3)/2. Suppose 0 = 6*r + n - 318. What is the tens digit of r?
4
Let b = 15016 + -3522. What is the thousands digit of b?
1
Let i = 6384 - -54018. What is the hundreds digit of i?
4
Suppose 5*h + 4*l - 1423 - 843 = 0, -2*h + 892 = -2*l. What is the tens digit of (h/125)/(9/30)?
1
Let q = -34164 - -63962. What is the hundreds digit of q?
7
Suppose -4*n = -3*n - 7. Let k(h) = -h**3 + 3*h**2 + 2*h + 7. Let x be k(n). Let d = -111 - x. What is the tens digit of d?
6
Let n(s) = -16*s - 9. Suppose g = -2*g - 96. Let w = g + 28. What is the tens digit of n(w)?
5
Let f = -94172 - -159447. What is the units digit of f?
5
Suppose 2*a + 3*l = -8, -10*a + 4*l = -6*a - 24. Let m(d) = 129*d**2 + d + 1. Let s be m(-1). Suppose -c + s = a*c. What is the units digit of c?
3
Suppose 0 = -755*x + 894*x - 49484. What is the tens digit of x?
5
Suppose 4*x + 2*h = -144, 2*x + h + 2*h + 72 = 0. Suppose -4860 = 33*m - 141*m. Let a = m + x. What is the units digit of a?
9
Let y(j) = -33 + 0*j**2 + 4*j**2 + 95 - 40 - 9*j. What is the units digit of y(5)?
7
Suppose -3*z - 92 = -7*z. Suppose -z*r + 24*r = -7. Let l(i) = -i**3 - 6*i**2 - 7*i - 2. What is the units digit of l(r)?
6
Let c(x) be the first derivative of 3*x**4/2 + 2*x**3/3 - 3*x**2/2 + 3*x + 1. Suppose 2*s - 3 = -l, 11*l + 4*s + 12 = 15*l. What is the units digit of c(l)?
4
Suppose 4*g - 45 = -3*v, 4*v + v - 7 = -g. Suppose t + g + 38 = 0. Let i = -28 - t. What is the units digit of i?
2
Suppose -6*m + 3*m = 4*j - 10, m = -2*j. Suppose -4*x - m = -6*x + 3*n, 8 = 4*n. What is the tens digit of 104*9/24*x/6?
5
Let a be (152/(-5))/((144/(-40))/9). Suppose -a*c + 78587 = 3347. What is the tens digit of c?
9
Let f be 42*(120/16 + -7). Suppose f*b - 14839 = 9752. What is the units digit of b?
1
Suppose 2*p + 140*i - 145*i - 17690 = 0, -2*i + 17704 = 2*p. What is the hundreds digit of p?
8
Let m = 165 - 140. Suppose -28*l + m*l = -945. What is the hundreds digit of l?
3
Let m = 144 - -261. Suppose 0*l - m = -9*l. What is the units digit of (306/(-8))/(l/(-120))?
2
Suppose -5*x - 5*n + 25 = 0, 3*n + n - 16 = -3*x. Suppose x*a = 247 + 53. Let c = a + 90. What is the tens digit of c?
6
Let y(t) = -10331*t + 1906. What is the tens digit of y(-4)?
3
Suppose c - 4*r + 300 = 3*c, -5*c + 768 = 4*r. Suppose 2*p + 3*k - c - 459 = 0, -3*k + 3 = 0. What is the hundreds digit of p?
3
Suppose c - 320 = -3*c + 5*u, 16 = -4*u. Let o(n) = n**3 - 6*n**2 + 4*n - 6. Let x be o(6). Let k = c - x. What is the tens digit of k?
5
Suppose 276*p + 25*p + 114*p = 12630940. What is the tens digit of p?
3
Suppose -5*y = 37 - 52. Suppose -3*j = 3*b - 18, -2*j = -4*b - y*j + 15. Suppose -4 = -i - b*i. What is the units digit of i?
1
Let d(f) = f**3 + 6*f**2 - 4*f + 8. Let q(x) = x**3 + 7*x**2 - 3*x + 7. Let u(w) = 3*d(w) - 4*q(w). Let m be u(-10). What is the tens digit of -81*-4*m/16*-1?
8
Suppose 289520 = 60*o + 69080. What is the tens digit of o?
7
Let c = -1505 - -809. Let x = 1191 + c. What is the tens digit of x?
9
Suppose 5*u = 3*w - 23, 3*w + 7*u = 3*u + 14. What is the tens digit of 266*w/(-1 + 13)?
3
Let x(t) = -9 - 38*t**3 - t + t**2 - 1 + 7 + 2. Let k be x(-1). Suppose 87 = 5*b - 2*s + 5*s, 0 = 2*b - 3*s - k. What is the tens digit of b?
1
Suppose -4*o - 2*g + 5250 = -13902, 9576 = 2*o + 3*g. Suppose -o = -21*n + 7*n. What is the hundreds digit of n?
3
Suppose -19*q + 16*q - 363 = 0. Let o = -116 - q. Suppose -15 = 3*b, -5*d + 0*b + 1210 = -o*b. What is the units digit of d?
7
Let b(o) = -4*o**3 + 3*o**2 + 3*o + 5. Suppose -r = 47 - 44. Let i be b(r). Suppose 38*n + i = 39*n. What is the tens digit of n?
3
Let t(n) = -4*n**2 + 31*n + 13. Let h be t(8). Let x be 9/h - (-17)/85. Suppose -x*m + 363 = -213. What is the units digit of m?
8
Let p(c) = c**2 - 18*c + 91. Let j be p(12). What is the units digit of 2*447 + (j - 26)?
7
Let c = 1191 + -1705. Let x = 767 + c. What is the hundreds digit of x?
2
Let v(g) be the third derivative of -7*g**4/8 - 11*g**3/6 - g**2. Suppose 877*p - 884*p - 35 = 0. What is the tens digit of v(p)?
9
Suppose 0*t + 595 = 3*t - r, 3*t = 3*r + 591. Let s = t + -170. What is the tens digit of s?
2
Let x = -277 - -278. What is the units digit of -499*x/(-3) - (-20)/30?
7
Suppose 0 = -5*k - 2*k + k. Suppose -2*a + 10*a + 32 = k. Let d(z) = -18*z + 21. What is the units digit of d(a)?
3
What is the ten thousands digit of (-212)/(-1 + 3740/33*8/910)?
5
Let l(p) = -782*p - 1. Let d be l(-1). Let w = -500 + d. What is the hundreds digit of w?
2
What is the tens digit of (6 + (-4)/(-20) + (-267201)/(-45))/1?
4
Let l be (-126)/18*6/(-2). Suppose -11894 = -l*t + 4801. What is the units digit of t?
5
Suppose 0 = -15*c + 45, 0 = j - 3*c + c - 1840. What is the units digit of j?
6
Let i(u) = 4*u**2 - 1. Let k = 42 + -43. Let g be i(k). Suppose -g*j - 150 = -3*w, 2*w - 277 = -3*w - 4*j. What is the units digit of w?
3
Let c be (1 - 0)*(-50 - 7429). What is the hundreds digit of c/(-72) - 1/(-8)?
1
Let h(m) = 409*m**2 + 37*m - 65. What is the hundreds digit of h(6)?
8
Let c(b) = -b**3 + 4*b**2 - 5*b + 2. Let a be c(2). Suppose 5*t - 1139 - 165 = 3*g, -3*t - g + 788 = a. Suppose t + 74 = 4*h. What is the tens digit of h?
8
Let f = -89 - -91. Suppose f*j - j = 73. Let x = j - 68. What is the units digit of x?
5
Let l = -6533 + 13044. Suppose l = -a + 5*a - 3*v, 0 = -a - 3*v + 1624. What is the tens digit of a?
2
Suppose -155*x + 156*x = 3*w - 30996, -5*w = -4*x - 51674. What is the thousands digit of w?
0
Let y = 108 + -91. Suppose -o - 21 = -y. What is the tens digit of (-9)/(o/12 + (-22)/(-84))?
2
Suppose 6*k = 19*k - 13. What is the tens digit of (6*k/4)/((-4)/(-960))?
6
Let v(n) = 4*n**2 - 25*n - 60. Suppose 0*b + 2*b + 2*j - 42 = 0, 2*j = -3*b + 59. What is the units digit of v(b)?
1
Let x = -69 - -72. Suppose 16 = s + x*s. Suppose -w = -s, -2*h - 2*w = 3*w - 42. What is the units digit of h?
1
Suppose -99*t - 24*t + 6521606 = 59*t. What is the units digit of t?
3
Let l(m) = 510*m + 10969. What is the units digit of l(92)?
9
Suppose -149*m = -100*m - 88543. What is the units digit of m?
7
Let c be (-18)/(-63) + (-3)/(42/(-73678)). What is the units digit of (0 + 1)*-4 + c/19?
3
Let f(p) = p**2 + 5*p + 3. Let b(t) = 3*t + 17. Let l be b(8). Let h = l - 34. What is the units digit of f(h)?
7
What is the hundreds digit of (290031/4)/3 - 770/616?
1
Suppose 0 = 6*i - 43 + 13. Suppose -3*r + 4*a = -6*r + 1453, r